s d(-5)?
17
Let i(t) = t**2 - t - 3. What is i(-2)?
3
Let x(d) = -d**3 - 10*d**2 - 9*d + 12. Calculate x(-9).
12
Let b(d) = -d**3 + 20*d - 2. Determine b(-5).
23
Let j(k) = 11*k - 54. Calculate j(5).
1
Let n(b) = -b**2 + 19*b - 14. What is n(16)?
34
Let c(g) = 16*g**3 - 4*g - 3. Give c(-1).
-15
Let m(x) = -2*x**2 - 28*x + 3. What is m(-14)?
3
Let f(p) = -p - 15. Determine f(-13).
-2
Let y(n) = 5*n - 7. Determine y(1).
-2
Let s(p) = 10*p - 1. Give s(7).
69
Let m(j) = 9*j**3 - 2*j**2 - 2*j - 1. Calculate m(-1).
-10
Let m(d) = 57*d + 687. Give m(-12).
3
Let n(a) = -a**3 + 30*a**2 - 3*a + 85. Calculate n(30).
-5
Let n(h) = -3*h**3 + 7*h**2 - 2*h - 4. Give n(2).
-4
Let g(f) = 5*f + 51. Calculate g(-11).
-4
Let x(w) = w**3 - 21*w**2 - 16*w - 97. Calculate x(22).
35
Let o(i) = 16*i - 11. Give o(4).
53
Let q(a) = -6*a**2 - a - 6. What is q(3)?
-63
Let w(j) = -j**2 - 8*j - 1. What is w(-7)?
6
Let n(m) = 13*m - 5. Calculate n(2).
21
Let s(c) = c**3 + 2*c**2 + 7. Calculate s(0).
7
Let u(w) = w**3 + 5*w**2 + 4*w + 10. What is u(-4)?
10
Let r(y) = y**3 - 11*y**2 - 28*y + 30. What is r(13)?
4
Let f(j) = 2*j - 11. Determine f(9).
7
Let q(o) = 2*o - 4. What is q(5)?
6
Let w(v) = -v**3 + 8*v**2 - 2*v - 1. Give w(3).
38
Let i(x) = -x**2 + 6*x + 5. Calculate i(5).
10
Let h(t) = t**2 + 7*t + 5. Give h(-3).
-7
Let g(r) = -2*r + 19. Give g(7).
5
Let b(w) = 2*w**3 + 15*w**2 - 13*w - 34. Determine b(-8).
6
Let b(u) = -u + 5. Give b(7).
-2
Let l(o) = o**3 + 13*o**2 - 9*o + 17. Determine l(-14).
-53
Let s(l) = -11*l + 121. Calculate s(13).
-22
Let f(u) = u - 38. Calculate f(0).
-38
Let n(u) = u**3 + 26*u**2 - 28*u - 7. Determine n(-27).
20
Let n(h) = -3*h + 1. Calculate n(-5).
16
Let z(q) = -2*q**3 - 6*q**2 + 4*q - 3. What is z(-5)?
77
Let o(j) = -2*j**3 - 3*j**2 + 5*j + 14. Give o(-2).
8
Let h(a) = a**2 + 20*a - 15. Give h(-18).
-51
Let a(x) = -33*x + 105. Give a(3).
6
Let o(f) = f**2 + f + 8. Calculate o(0).
8
Let k(v) = -v**3 - 20*v**2 - 18*v + 39. Determine k(-19).
20
Let b(f) = f**3 + 4*f**2 - f - 3. What is b(-5)?
-23
Let x(k) = k**3 + 5*k**2 + 3*k + 5. What is x(-2)?
11
Let c(t) = 3*t + 53. Determine c(-16).
5
Let q(c) = -c**3 - 7*c**2 - 13*c - 14. Determine q(-5).
1
Let p(s) = 16*s + 63. Give p(-4).
-1
Let h(w) = w**2 - 10*w + 34. Calculate h(6).
10
Let x(q) = q**3 + 9*q**2 + 15*q - 10. Calculate x(-7).
-17
Let a(p) = -p**3 - 4*p**2 - 3*p + 6. Calculate a(-3).
6
Let d(a) = 26*a**2 - 2*a + 2. Calculate d(-2).
110
Let f(x) = 68*x - 199. Calculate f(3).
5
Let i(k) = -30*k - 209. What is i(-8)?
31
Let v(l) = 3*l**2 + 3*l - 3. What is v(3)?
33
Let u(j) = 9*j + 90. Determine u(-11).
-9
Let r(y) = y**3 - 2*y**2. Give r(-2).
-16
Let j(z) = -z**2 - 3. Give j(6).
-39
Let c(a) = 9*a**3 - a**2 + 8*a - 8. Give c(1).
8
Let m(v) = -v**3 - 23*v**2 + 4*v - 8. Determine m(-23).
-100
Let o(r) = -4*r**2 - 3*r + 4. Give o(-3).
-23
Let y(t) = -3*t**2 + 3*t + 11. Calculate y(4).
-25
Let j(o) = -o**2 - 12*o - 23. What is j(-10)?
-3
Let x(p) = 7*p - 41. Determine x(0).
-41
Let j(o) = -2*o**2 + 12*o - 9. Determine j(9).
-63
Let t(f) = -f**2 + 5*f + 28. Give t(13).
-76
Let n(z) = -z**3 + 6*z**2 - 11*z + 71. Give n(6).
5
Let n(i) = -23*i**2 + 4*i - 3. Calculate n(2).
-87
Let l(v) = 2*v**3 + 46*v**2 - 156*v + 1. What is l(-26)?
1
Let z(b) = b**2 + 14*b - 1. Give z(-15).
14
Let b(w) = -w - 39. Calculate b(-12).
-27
Let y(c) = c**3 + 13*c**2 + 12*c + 1. Give y(-12).
1
Let x(u) = 2*u**2 + 19*u + 52. Calculate x(-4).
8
Let x(p) = p**3 + 3*p**2 - 4*p + 2. Determine x(-4).
2
Let f(s) = 3*s**2 + 2*s - 10. Calculate f(2).
6
Let j(a) = -2*a**3 + 2*a**2 + 4*a + 3. Give j(-3).
63
Let v(w) = 5*w**2 - 4*w + 2. Give v(2).
14
Let y(c) = 16*c - 5. Calculate y(1).
11
Let i(p) = p**3 + 3*p**2 - 2*p + 9. Give i(-4).
1
Let o(r) = 7*r**3 + 2*r**2 - 3*r + 1. What is o(2)?
59
Let u(s) = -s - 14. Give u(-11).
-3
Let a(q) = 13*q**3 - 5*q**2 + 2*q + 2. Give a(1).
12
Let q(g) = 70*g - 1476. Calculate q(21).
-6
Let r(f) = -f**2 + 17*f - 44. What is r(7)?
26
Let r(s) = -3*s**2 + 55*s - 190. Give r(14).
-8
Let m(x) = 19*x + 136. Determine m(-9).
-35
Let h(n) = n**3 - 9*n**2 - 2*n + 15. Calculate h(8).
-65
Let h(w) = -w**2 - 8*w. Calculate h(-8).
0
Let i(s) = s**3 + 4*s**2 - 8*s + 1. Give i(-6).
-23
Let w(o) = 4*o + 9. Calculate w(-10).
-31
Let b(z) = -z**3 + 7*z**2 + 6*z + 11. Give b(7).
53
Let c(r) = 2*r**2 + 13*r - 8. Give c(-6).
-14
Let d(o) = o**3 + 10*o**2 - o - 8. What is d(-10)?
2
Let y(d) = -2*d**2 + 41*d - 36. What is y(20)?
-16
Let f(r) = -6*r + 85. What is f(16)?
-11
Let o(j) = 2*j**3 + 16*j**2 - 18*j - 24. Give o(-9).
-24
Let w(z) = 61*z**2 - 1. Determine w(-1).
60
Let f(o) = 5*o**2 + 17*o + 5. Give f(-3).
-1
Let m(h) = -h**3 + 3*h**2 + 6*h - 13. Determine m(4).
-5
Let a(l) = -l**3 - 4*l**2 - 2*l - 6. Determine a(-3).
-9
Let o(f) = -f**3 - 3*f**2 - 3*f - 4. Determine o(-4).
24
Let c(p) = -12*p**3 - p**2 - 2*p - 1. Determine c(-1).
12
Let d(z) = z**3 + z**2 - z + 57. Calculate d(0).
57
Let p(l) = -3*l**3 - l**2 - l - 1. Calculate p(2).
-31
Let t(z) = -z**3 + z - 10. Determine t(0).
-10
Let o(x) = -x**3 - 18*x**2 - x + 1. Give o(-18).
19
Let j(w) = -5*w - 5. What is j(-2)?
5
Let r(o) = o**2 - 9*o + 6. Calculate r(3).
-12
Let y(q) = -16*q + 31. What is y(3)?
-17
Let h(l) = l**2 + 16*l + 7. Calculate h(-12).
-41
Let g(m) = -m**3 - 5*m**2 + 26*m + 18. Give g(-8).
2
Let v(m) = 2*m - 20. Calculate v(0).
-20
Let n(p) = -47*p**2 + 43*p - 1. Calculate n(1).
-5
Let z(s) = -3*s**2 + 32*s + 4. Give z(10).
24
Let p(n) = 2*n**3 - 3*n**2 + 6*n - 2. Give p(2).
14
Let n(j) = -8*j**2 + j + 2. Give n(-1).
-7
Let b(z) = -2*z**2 - z + 10. Calculate b(5).
-45
Let d(h) = h**3 + 20*h**2 + 35*h - 14. What is d(-18)?
4
Let h(i) = i**2 + 9*i + 7. Calculate h(-8).
-1
Let j(r) = r**2 - r - 1. Determine j(-2).
5
Let z(f) = f**2 - 4*f - 12. Give z(6).
0
Let w(x) = 3*x + 3. Determine w(2).
9
Let n(d) = 10*d + 173. Calculate n(-17).
3
Let n(o) = 17*o + 2. Calculate n(-1).
-15
Let q(t) = -t**2 - t + 2. Give q(0).
2
Let r(v) = 2*v**3 - 10*v**2 - 12*v + 12. Determine r(5).
-48
Let q(l) = -25*l - 266. What is q(-11)?
9
Let x(a) = a**3 + 26*a**2 - 27*a - 7. Calculate x(-27).
-7
Let b(p) = -12*p**3 - 2*p**2 - p - 3. Calculate b(-2).
87
Let o(z) = 3*z**2 - 39*z - 31. Determine o(14).
11
Let z(g) = -6*g**3 - 24*g**2 + 2*g + 2. What is z(-4)?
-6
Let x(z) = z**3 + 27*z**2 + 27*z + 13. Calculate x(-26).
-13
Let x(o) = o**3 + 10*o**2 - 28*o + 20. What is x(-13)?
-123
Let h(f) = 15*f + 8. Give h(7).
113
Let l(o) = o**3 - 25*o**2 + 23*o + 27. Give l(24).
3
Let z(i) = -i**2 + 17*i - 65. What is z(12)?
-5
Let g(s) = 4*s**3 - 2*s**2 - 3*s + 5. Give g(2).
23
Let t(g) = -2*g**3 + 13*g**2 - 8*g + 9. Give t(6).
-3
Let b(d) = -5*d**2 + 10*d - 1. Calculate b(4).
-41
Let z(t) = -12*t + 120. Give z(10).
0
Let m(w) = 96*w**2 + 92*w + 2. Determine m(-1).
6
Let f(c) = c**3 + 13*c**2 + 25*c + 1. What is f(-10)?
51
Let r(v) = -v + 1. Determine r(6).
-5
Let x(j) = j**3 + 6*j**2 + 4*j - 4. Give x(-4).
12
Let y(w) = -w**3 + 6*w**2 - 3*w + 5. Calculate y(4).
25
Let c(s) = s**2 + 2*s - 25. What is c(4)?
-1
Let y(p) = -p**3 + 13*p**2 + 13*p + 9. Determine y(14).
-5
Let d(f) = -2*f**2 + f + 20. Give d(0).
20
Let f(m) = -m**3 + 15*m**2 + 14*m + 43. Calculate f(16).
11
Let k(g) = -g + 1. Give k(3).
-2
Let a(r) = -11*r + 268. Determine a(24).
4
Let w(f) = -f**3 + 23*f**2 - 20*f - 46. Determine w(22).
-2
Let l(k) = -8*k**3 - 3*k + 2. Give l(1).
-9
Let n(t) = -t**2 - 13*t - 37. Calculate n(-11).
-15
Let t(z) = -z**2 + 4*z - 14. Determine t(10).
-74
Let h(z) = 27*z + 4. Calculate h(-5).
-131
Let v(j) = -j**3 + 8*j**2 + 6*j - 12. Give v(8).
36
Let u(k) = k**3 + 4*k**2 - 15*k - 41. Give u(-5).
9
Let g(h) = 2*h**2 + 5*h + 5. What is g(-2)?
3
Let o(w) = -w**2 + 5*w + 20. Calculate o(7).
6
Let z(w) = -w**2 - 21*w + 34. Calculate z(-22).
12
Let r(z) = -z**3 + 2*z**2 + 7*z - 13. Calculate r(5).
-53
Let j(o) = -30*o - 2. What is j(-1)?
28
Let t(x) = 2*x**2 + 8*x - 6. What is t(-6)?
18
Let o(h) = 6*h + 58. What is o(-24)?
-86
Let m(z) = z**2 - 5*z + 2. Determine m(6).
8
Let x(u) = 3*u**3 + 96*u**2 - u - 33. What is x(-32)?
-1
Let h(r) = 8*r + 1. What is h(-2)?
-15
Let q(y) = -y**2 - 5*y - 1. What is q(-4)?
3
Let a(s) = 86*s + 81. Calculate a(-1).
-5
Let v(y) = y**2 + 7*y + 7. Calculate 